{"id":7,"date":"2021-09-29T00:12:44","date_gmt":"2021-09-29T00:12:44","guid":{"rendered":"https:\/\/fabianapereira.adv.br\/2021\/?page_id=7"},"modified":"2022-07-24T17:48:20","modified_gmt":"2022-07-24T17:48:20","slug":"escritorio","status":"publish","type":"page","link":"https:\/\/fabianapereira.adv.br\/2021\/escritorio\/","title":{"rendered":"Escrit\u00f3rio"},"content":{"rendered":"<h3><strong>Efic\u00e1cia, que assegura o seu sucesso<\/strong><\/h3>\n<p><span style=\"font-weight: 400;\">Trabalhamos para oferecer aos nossos clientes a melhor presta\u00e7\u00e3o de servi\u00e7os no \u00e2mbito do direito, com dedica\u00e7\u00e3o, comprometimento, entusiasmo, conhecimento t\u00e9cnico e \u00e9tico.<\/span><\/p>\n<p><span style=\"font-weight: 400;\">Em nosso escrit\u00f3rio, voc\u00ea encontrar\u00e1 uma completa assessoria jur\u00eddica e de neg\u00f3cios tanto na esfera preventiva como no \u00e2mbito litigioso, nas mais diversas quest\u00f5es na defesa de seus interesses e patrim\u00f4nio.<\/span><\/p>\n<p><span style=\"font-weight: 400;\">Somos um escrit\u00f3rio com alto n\u00edvel de especializa\u00e7\u00e3o nas mais diferentes \u00e1reas, atuando sempre de forma segmentada, tendo como premissa a excel\u00eancia no atendimento, com uma postura inovadora e diferenciada de modo a alcan\u00e7ar o melhor resultado aos nossos clientes.<\/span><\/p>\n<p><span style=\"font-weight: 400;\">Nossa hist\u00f3ria de sucesso anda lado a lado com o sucesso de nossos clientes e este \u00e9 nosso maior orgulho.<\/span><\/p>\n<p><strong>Vis\u00e3o<\/strong><\/p>\n<p><span style=\"font-weight: 400;\">Escolhemos nossa profiss\u00e3o por voca\u00e7\u00e3o.<\/span><\/p>\n<p><span style=\"font-weight: 400;\">Voca\u00e7\u00e3o esta que nos instiga a trabalhar sempre pela melhor solu\u00e7\u00e3o legal aos problemas dos que nos procuram.<\/span><\/p>\n<p><span style=\"font-weight: 400;\">Melhorar a vida das pessoas atrav\u00e9s de nosso trabalho \u00e9 nossa busca constante e nosso combust\u00edvel. Acreditamos na justi\u00e7a e na advocacia como ferramenta imprescind\u00edvel para o aperfei\u00e7oamento da sociedade.<\/span><\/p>\n<h3><strong>Miss\u00e3o<\/strong><\/h3>\n<p><span style=\"font-weight: 400;\">Realizar nosso trabalho de forma diferenciada com dedica\u00e7\u00e3o, entusiasmo, compet\u00eancia, lealdade, \u00e9tica, buscando a melhor solu\u00e7\u00e3o ao nosso cliente, retribuindo assim a confian\u00e7a que nos foi depositada.<\/span><\/p>\n","protected":false},"excerpt":{"rendered":"<p>Efic\u00e1cia, que assegura o seu sucesso Trabalhamos para oferecer aos nossos clientes a melhor presta\u00e7\u00e3o de servi\u00e7os no \u00e2mbito do direito, com dedica\u00e7\u00e3o, comprometimento, entusiasmo, conhecimento t\u00e9cnico e \u00e9tico. Em nosso escrit\u00f3rio, voc\u00ea encontrar\u00e1 uma completa assessoria jur\u00eddica e de &hellip;<\/p>\n<p class=\"read-more\"> <a class=\"more-link\" href=\"https:\/\/fabianapereira.adv.br\/2021\/escritorio\/\"> <span class=\"screen-reader-text\">Escrit\u00f3rio<\/span> Read More &raquo;<\/a><\/p>\n","protected":false},"author":1,"featured_media":0,"parent":0,"menu_order":0,"comment_status":"closed","ping_status":"closed","template":"","meta":{"om_disable_all_campaigns":false,"_monsterinsights_skip_tracking":false,"_monsterinsights_sitenote_active":false,"_monsterinsights_sitenote_note":"","_monsterinsights_sitenote_category":0,"footnotes":""},"class_list":["post-7","page","type-page","status-publish","hentry"],"aioseo_notices":[],"_links":{"self":[{"href":"https:\/\/fabianapereira.adv.br\/2021\/wp-json\/wp\/v2\/pages\/7","targetHints":{"allow":["GET"]}}],"collection":[{"href":"https:\/\/fabianapereira.adv.br\/2021\/wp-json\/wp\/v2\/pages"}],"about":[{"href":"https:\/\/fabianapereira.adv.br\/2021\/wp-json\/wp\/v2\/types\/page"}],"author":[{"embeddable":true,"href":"https:\/\/fabianapereira.adv.br\/2021\/wp-json\/wp\/v2\/users\/1"}],"replies":[{"embeddable":true,"href":"https:\/\/fabianapereira.adv.br\/2021\/wp-json\/wp\/v2\/comments?post=7"}],"version-history":[{"count":5,"href":"https:\/\/fabianapereira.adv.br\/2021\/wp-json\/wp\/v2\/pages\/7\/revisions"}],"predecessor-version":[{"id":1287,"href":"https:\/\/fabianapereira.adv.br\/2021\/wp-json\/wp\/v2\/pages\/7\/revisions\/1287"}],"wp:attachment":[{"href":"https:\/\/fabianapereira.adv.br\/2021\/wp-json\/wp\/v2\/media?parent=7"}],"curies":[{"name":"wp","href":"https:\/\/api.w.org\/{rel}","templated":true}]}}